{"id":365,"date":"2018-09-12T17:53:36","date_gmt":"2018-09-12T23:53:36","guid":{"rendered":"http:\/\/makanautos.com\/Elegance-Contest\/?page_id=365"},"modified":"2022-10-12T10:34:28","modified_gmt":"2022-10-12T16:34:28","slug":"reglamento-concurso","status":"publish","type":"page","link":"https:\/\/makanautos.com\/Elegance-Contest\/reglamento-concurso\/","title":{"rendered":"Reglamento"},"content":{"rendered":"\t\t<div data-elementor-type=\"wp-page\" data-elementor-id=\"365\" class=\"elementor elementor-365\" data-elementor-post-type=\"page\">\n\t\t\t\t\t\t<section class=\"elementor-section elementor-top-section elementor-element elementor-element-8b2e301 elementor-section-boxed elementor-section-height-default elementor-section-height-default\" data-id=\"8b2e301\" data-element_type=\"section\" data-settings=\"{&quot;background_background&quot;:&quot;classic&quot;}\">\n\t\t\t\t\t\t<div class=\"elementor-container elementor-column-gap-default\">\n\t\t\t\t\t<div class=\"elementor-column elementor-col-100 elementor-top-column elementor-element elementor-element-075fc35\" data-id=\"075fc35\" data-element_type=\"column\">\n\t\t\t<div class=\"elementor-widget-wrap elementor-element-populated\">\n\t\t\t\t\t\t<div class=\"elementor-element elementor-element-c26829c elementor-widget elementor-widget-spacer\" data-id=\"c26829c\" data-element_type=\"widget\" data-widget_type=\"spacer.default\">\n\t\t\t\t<div class=\"elementor-widget-container\">\n\t\t\t\t\t<div class=\"elementor-spacer\">\n\t\t\t<div class=\"elementor-spacer-inner\"><\/div>\n\t\t<\/div>\n\t\t\t\t<\/div>\n\t\t\t\t<\/div>\n\t\t\t\t\t<\/div>\n\t\t<\/div>\n\t\t\t\t\t<\/div>\n\t\t<\/section>\n\t\t\t\t<section class=\"elementor-section elementor-top-section elementor-element elementor-element-3683f765 elementor-section-boxed elementor-section-height-default elementor-section-height-default\" data-id=\"3683f765\" data-element_type=\"section\">\n\t\t\t\t\t\t<div class=\"elementor-container elementor-column-gap-default\">\n\t\t\t\t\t<div class=\"elementor-column elementor-col-100 elementor-top-column elementor-element elementor-element-4ae4b2c4\" data-id=\"4ae4b2c4\" data-element_type=\"column\">\n\t\t\t<div class=\"elementor-widget-wrap elementor-element-populated\">\n\t\t\t\t\t\t<div class=\"elementor-element elementor-element-ed93bcd elementor-widget elementor-widget-heading\" data-id=\"ed93bcd\" data-element_type=\"widget\" data-widget_type=\"heading.default\">\n\t\t\t\t<div class=\"elementor-widget-container\">\n\t\t\t<h2 class=\"elementor-heading-title elementor-size-default\">Reglamento: X Concours D\u2019Elegance 2022\n<\/h2>\t\t<\/div>\n\t\t\t\t<\/div>\n\t\t\t\t<div class=\"elementor-element elementor-element-051f223 elementor-widget elementor-widget-text-editor\" data-id=\"051f223\" data-element_type=\"widget\" data-widget_type=\"text-editor.default\">\n\t\t\t\t<div class=\"elementor-widget-container\">\n\t\t\t\t\t\t\t<p>Concours D\u2019Elegance es el t\u00e9rmino con el que se denomina al evento de exhibici\u00f3n de autom\u00f3viles que son juzgados y calificados por sus m\u00e9ritos en t\u00e9rminos de originalidad, mantenimiento, limpieza y conservaci\u00f3n est\u00e9tica exterior e interior.<\/p><p>Se celebrar\u00e1 en \u201cEventos San Bernardo\u201d<\/p><p><span style=\"color: var( --e-global-color-text ); font-size: 1rem;\">Km. 19.5 Carretera a Fraijanes\u00a0<\/span><\/p><p>S\u00e1bado 26 de noviembre de 2022 a partir de las 9:00 a.m<\/p>\t\t\t\t\t\t<\/div>\n\t\t\t\t<\/div>\n\t\t\t\t<div class=\"elementor-element elementor-element-0970fa5 elementor-widget-divider--view-line elementor-widget elementor-widget-divider\" data-id=\"0970fa5\" data-element_type=\"widget\" data-widget_type=\"divider.default\">\n\t\t\t\t<div class=\"elementor-widget-container\">\n\t\t\t\t\t<div class=\"elementor-divider\">\n\t\t\t<span class=\"elementor-divider-separator\">\n\t\t\t\t\t\t<\/span>\n\t\t<\/div>\n\t\t\t\t<\/div>\n\t\t\t\t<\/div>\n\t\t\t\t<div class=\"elementor-element elementor-element-7aece6fb elementor-widget elementor-widget-text-editor\" data-id=\"7aece6fb\" data-element_type=\"widget\" data-widget_type=\"text-editor.default\">\n\t\t\t\t<div class=\"elementor-widget-container\">\n\t\t\t\t\t\t\t<p><span style=\"color: inherit; font-family: inherit; font-size: 1rem;\">| Participantes<\/span><\/p>\n<p>La participaci\u00f3n es exclusiva para autom\u00f3viles de la marca PORSCHE de cualquier a\u00f1o y modelo, los cuales deber\u00e1n ser formalmente inscritos con anticipaci\u00f3n. No se permitir\u00e1 la participaci\u00f3n de autos transformados o con modificaciones extremas como veh\u00edculos con blindaje; se excluyen autos recreacionales (r\u00e9plicas), as\u00ed como Singer, RUF, etc., la originalidad es importante en el concurso. Es responsabilidad de cada propietario llevar al evento su veh\u00edculo de forma puntual para poder participar.<\/p>\n<h6>|&nbsp;Inscripci\u00f3n<\/h6>\n<p>Las inscripciones estar\u00e1n abiertas a partir del d\u00eda martes 1 de noviembre de 2022. Los veh\u00edculos participantes deben presentarse el viernes 25 de noviembre de 8:00 a 17:00 horas con el fin de que los organizadores puedan definir la ubicaci\u00f3n de cada auto. Recalcamos de nuevo que es de suma importancia su puntualidad.<\/p>\n<h6>|&nbsp;Categor\u00edas y Premiaci\u00f3n<\/h6>\n<p>Los autos participantes ser\u00e1n clasificados de la siguiente manera:<\/p>\n<p>\u2022 <strong>Categor\u00eda A:<\/strong> Porsche 356<\/p>\n<p>\u2022 <strong>Categor\u00eda B:<\/strong> Porsche 911 1963-1973<\/p>\n<p>\u2022 <strong>Categor\u00eda C:<\/strong> Porsche 911 1974-1983<\/p>\n<p>\u2022 <strong>Categor\u00eda D:<\/strong> Porsche 911 1984-1989<\/p>\n<p>\u2022 <strong>Categor\u00eda E:<\/strong> Porsche 911 1989-1993<\/p>\n<p>\u2022 <strong>Categor\u00eda F:<\/strong> Porsche 911 1994-1998<\/p>\n<p>\u2022 <strong>Categor\u00eda G:<\/strong> Porsche 911 1998-2004<\/p>\n<p>\u2022 <strong>Categor\u00eda H:<\/strong> Porsche 911 2005-2011<\/p>\n<p>\u2022<strong> Categor\u00eda I:<\/strong> Porsche 911 2012-2018<\/p>\n<p>\u2022 <strong>Categor\u00eda J:<\/strong> Porsche 911 2019 &#8211; presente<\/p>\n<p>\u2022 <strong>Categor\u00eda K:<\/strong> Porsche Cayman \/ Boxster 1996 &#8211; 2022<\/p>\n<p>\u2022 <strong>Categor\u00eda L:<\/strong> Porsche Cayenne \/ Macan \/ Panamera<\/p>\n<p>\u2022 <strong>Categor\u00eda M:<\/strong> Porsche 914 \/ 924 \/ 944 \/ 928<\/p>\n<p>Habr\u00e1 <strong>3 premios<\/strong> por cada categor\u00eda, los cuales se otorgaran basado en la evaluaci\u00f3n de los jueces.<\/p>\n<p>Adem\u00e1s se entregar\u00e1n dos premios adicionales a:<\/p>\n<ul>\n<li><strong>Best of Show:<\/strong> los jueces, basados en sus evaluaciones premiaran al \u201cMejor Porsche\u201d del evento.<\/li>\n<li><strong>People\u2019s Choice:<\/strong> se escoger\u00e1 el \u201cCarro m\u00e1s gustado\u201d del evento. Este ser\u00e1 escogido por votaci\u00f3n individual por los participantes e invitados inscritos ese d\u00eda.<\/li>\n<\/ul>\n<h6>|&nbsp;Evaluaci\u00f3n y Calificaci\u00f3n<\/h6>\n<p>Se evaluar\u00e1n y calificar\u00e1n cuatro \u00e1reas en cada veh\u00edculo;<\/p>\n<ol>\n<li>Exterior del veh\u00edculo<\/li>\n<li>Interior del veh\u00edculo<\/li>\n<li>Maletero<\/li>\n<li>Motor<\/li>\n<\/ol>\n<p>Cada una de estas \u00e1reas ser\u00e1 evaluada en varios renglones diferentes por sus niveles de conservaci\u00f3n y limpieza seg\u00fan lo indicado en la hoja de evaluaci\u00f3n que le ser\u00e1 entregada al momento de la inscripci\u00f3n.<\/p>\n<p>En el \u00e1rea exterior del veh\u00edculo tambi\u00e9n se calificar\u00e1 su originalidad y est\u00e9tica. As\u00ed mismo se considerar\u00e1n como \u201coriginales\u201d aquellos accesorios que fueron opciones de f\u00e1brica en el a\u00f1o de producci\u00f3n de dicho auto y de cualquier otra casa automotriz de alta gama dise\u00f1ados para su veh\u00edculo en espec\u00edfico.<\/p>\n<h6>|&nbsp;De los jueces y de la evaluaci\u00f3n<\/h6>\n<p>El equipo de jueces estar\u00e1 integrado por cuatro expertos internacionales con amplios conocimientos en la marca Porsche, quienes proceder\u00e1n a evaluar cada una de las cuatro \u00e1reas anteriormente mencionadas.<\/p>\n<p>Antes de iniciar la evaluaci\u00f3n los concursantes tendr\u00e1n 1.5 horas de 7:00 a 8:30 para ultimar detalles de sus autos el d\u00eda del concurso, todos los participantes de cada categor\u00eda deber\u00e1n estar presentes junto a sus autos y disponibles para abrirlos completamente, arrancar el motor y atender cualquier inquietud que tengan los jueces sobre su veh\u00edculo. De no estar presente al llegar los jueces a su auto, ser\u00e1 imposible completar la evaluaci\u00f3n y se continuar\u00e1 con la evaluaci\u00f3n del siguiente auto, por lo que el suyo no podr\u00e1 ser evaluado y por consiguiente no participar\u00e1 en la premiaci\u00f3n del concurso.<\/p>\n<h6>|&nbsp;Puntualidad el d\u00eda del Evento<\/h6>\n<p>Por la cantidad de participantes esperados, los jueces le dedicar\u00e1n aproximadamente 5 minutos a cada autom\u00f3vil. Con el objetivo de no demorar y alargar el evento innecesariamente, es muy importante que los propietarios est\u00e9n presentes junto a sus autos todo el tiempo que dure la evaluaci\u00f3n de su categor\u00eda.<\/p>\n<p>El propietario no deber\u00e1 abordar sobre ning\u00fan tema con los jueces mientras est\u00e9n evaluando los veh\u00edculos, a menos que el juez le haga preguntas espec\u00edficas. Evaluar autom\u00f3viles no es un trabajo f\u00e1cil y requiere concentraci\u00f3n, por lo que agradecemos de antemano su ayuda para agilizar esta labor.<\/p>\n<p>Una vez terminada la evaluaci\u00f3n del autom\u00f3vil concursante, el propietario podr\u00e1 cerrarlo y dirigirse al \u00e1rea social o de exhibici\u00f3n para disfrutar con los dem\u00e1s asistentes en las actividades programadas.<\/p>\n<h6>|&nbsp;Resultados y premiaci\u00f3n<\/h6>\n<p>Los jueces tendr\u00e1n un estimado de 1.5 horas para completar, tabular y presentar los resultados de sus evaluaciones. Una vez los jueces hayan entregado los resultados se proceder\u00e1 a anunciar a los ganadores y se proceder\u00e1 a tabular los mismos y a la premiaci\u00f3n respectiva. As\u00ed mismo se anunciar\u00e1n y se entregar\u00e1n los premios al \u201cBest of Show\u201d escogido por los jueces y al \u201cPeople\u2019s Choice\u201d escogido por votaci\u00f3n directa por los participantes e invitados inscritos.<\/p>\n<p>Los resultados estar\u00e1n disponibles despu\u00e9s de la premiaci\u00f3n. Las hojas individuales se enviar\u00e1n por correo electr\u00f3nico a cada participante en los d\u00edas pr\u00f3ximos.<\/p>\n<h6>|&nbsp;Liberaci\u00f3n de Responsabilidades<\/h6>\n<p>Durante esta actividad cada participante ser\u00e1 responsable de la seguridad y protecci\u00f3n de sus autos y de todas sus pertenencias a partir del momento del ingreso a las instalaciones de Eventos San Bernardo hasta el momento de su retiro al finalizar el concurso. Al firmar la hoja de inscripci\u00f3n para este evento los participantes act\u00faan con plena autorizaci\u00f3n y representaci\u00f3n del propietario del autom\u00f3vil inscrito, aceptan haber le\u00eddo y aceptado sin reservas este Reglamento en todos sus t\u00e9rminos y condiciones y aceptan tambi\u00e9n que exoneran y liberan a Porsche Club Guatemala, organizadores de este evento y a Dr. Ing. h.c. F. Porsche AG fabricante de los veh\u00edculos Porsche, de toda responsabilidad civil, penal o de cualquier tipo, pasada, presente o futura, en caso de accidente y\/o da\u00f1os sufridos por el participante, por su auto, o por da\u00f1os causados a terceras personas durante este evento recayendo dicha responsabilidad en el mismos<\/p>\n<p><!-- \/wp:fl-builder\/layout --><\/p>\t\t\t\t\t\t<\/div>\n\t\t\t\t<\/div>\n\t\t\t\t\t<\/div>\n\t\t<\/div>\n\t\t\t\t\t<\/div>\n\t\t<\/section>\n\t\t\t\t<\/div>\n\t\t","protected":false},"excerpt":{"rendered":"<p>Reglamento: X Concours D\u2019Elegance 2022 Concours D\u2019Elegance es el t\u00e9rmino con el que se denomina al evento de exhibici\u00f3n de autom\u00f3viles que son juzgados y calificados por sus m\u00e9ritos en t\u00e9rminos de originalidad, mantenimiento, limpieza y conservaci\u00f3n est\u00e9tica exterior e interior. Se celebrar\u00e1 en \u201cEventos San Bernardo\u201d Km. 19.5 Carretera a Fraijanes\u00a0 S\u00e1bado 26 de [&hellip;]<\/p>\n","protected":false},"author":1,"featured_media":0,"parent":0,"menu_order":0,"comment_status":"closed","ping_status":"closed","template":"","meta":{"footnotes":""},"class_list":["post-365","page","type-page","status-publish","hentry"],"_links":{"self":[{"href":"https:\/\/makanautos.com\/Elegance-Contest\/wp-json\/wp\/v2\/pages\/365"}],"collection":[{"href":"https:\/\/makanautos.com\/Elegance-Contest\/wp-json\/wp\/v2\/pages"}],"about":[{"href":"https:\/\/makanautos.com\/Elegance-Contest\/wp-json\/wp\/v2\/types\/page"}],"author":[{"embeddable":true,"href":"https:\/\/makanautos.com\/Elegance-Contest\/wp-json\/wp\/v2\/users\/1"}],"replies":[{"embeddable":true,"href":"https:\/\/makanautos.com\/Elegance-Contest\/wp-json\/wp\/v2\/comments?post=365"}],"version-history":[{"count":38,"href":"https:\/\/makanautos.com\/Elegance-Contest\/wp-json\/wp\/v2\/pages\/365\/revisions"}],"predecessor-version":[{"id":2782,"href":"https:\/\/makanautos.com\/Elegance-Contest\/wp-json\/wp\/v2\/pages\/365\/revisions\/2782"}],"wp:attachment":[{"href":"https:\/\/makanautos.com\/Elegance-Contest\/wp-json\/wp\/v2\/media?parent=365"}],"curies":[{"name":"wp","href":"https:\/\/api.w.org\/{rel}","templated":true}]}}